 14. Suppose 0 = 3*l + u*t - 744, g*l - l = 3*t + 511. Is l a composite number?
False
Suppose 0 = 2*w + 13 - 85. Suppose w*t - 39*t = -13038. Is (-2)/(-15) - t/(-30) composite?
True
Let o = 0 + 83. Suppose -5515 = 78*g - o*g. Is g a prime number?
True
Let d be ((-12)/(-15)*-519)/((-2)/10). Let j = -1403 + d. Suppose 3*m = j + 86. Is m a prime number?
False
Is 1*2/(-6)*(-14797584)/48 a prime number?
True
Suppose 1107 = -0*o + 3*o. Let m be (-8)/(-152) - 6652/38. Let t = o + m. Is t a composite number?
True
Suppose -u - 2043 = s - 6234, -5*u - 20935 = -5*s. Suppose -4*n = -j + s, 2*j - 8313 = 39*n - 44*n. Is j a composite number?
True
Suppose 0 = -w + 4*w - 54. Let p be 120/w - 4/6. Is ((p - 2) + -233)*-5 a composite number?
True
Let p = -39099 + 79108. Is p prime?
True
Suppose 12*n = 2311 + 26933. Is n a prime number?
True
Suppose 4*g + 33 = 5*l - 181, 47 = l - 5*g. Let s = 625 + l. Is s a composite number?
True
Suppose 74*b - 78*b = -4*t - 1676908, -3*t = 3*b - 1257705. Is b composite?
False
Let q(m) = -54861*m - 563. Is q(-2) a prime number?
True
Suppose 10*v - z - 10 = 9*v, 2*v - z = 20. Suppose 16802 = v*f - 8328. Is f a composite number?
True
Suppose 3*k - 5*p = 3984212, 13*p = 15*p + 2. Is k a composite number?
True
Suppose -5*y + 3*y = -5*j + 37241, j = -3*y + 7438. Is j composite?
True
Let o(j) = 53*j**2 - 163*j + 421. Is o(87) prime?
True
Let w(d) = 26*d - 206. Let j be w(8). Is ((-11)/(-11))/(j/30218) prime?
False
Let j(d) = 6*d**3 - 2*d**2 + 30*d - 30. Let p(t) = -t**3 + 2*t**2 + t + 1. Let k(l) = -j(l) - 5*p(l). Is k(-16) prime?
True
Suppose g - 2*l + 1261 = 0, 20*l - 18*l - 6345 = 5*g. Let v = g - -4288. Is v a composite number?
True
Suppose 0 = -2629*k + 2642*k - 1531387. Is k a composite number?
True
Let x(o) = -9*o**3 - 56*o**2 - 585*o + 19. Is x(-9) a composite number?
False
Suppose 825620 = 2*q + 31*q - 963343. Is q a composite number?
True
Let m(k) = 2581*k + 6. Suppose -4*i = -6*i + 6. Let h be m(i). Let a = h - 4102. Is a prime?
False
Let o = -898 + 903. Let q(f) = 1193*f**2 + 7*f + 1. Is q(o) composite?
True
Suppose -16 = -5*t - 3*z, 2*t - 12 + 2 = -3*z. Suppose 5*y + 11468 = 3*c, t*c + 2*y + 3658 - 11298 = 0. Is c composite?
False
Let g be (-60)/(-80) - (-240993)/4. Suppose t = -5*y + g, 0*y + 3*y - 2*t = 36139. Is y a prime number?
True
Let n = 1385 - -120. Suppose 5*j = 2*q + 3731, 5*q + 0*q = 2*j - n. Is j a composite number?
True
Suppose 5*u = 6 + 74. Let r = 13 - u. Is (-4 + 4)/r + 397 a composite number?
False
Let s(l) = -l**2 + l + 1. Let g(u) = -90*u**2 - 58*u - 7. Let d(r) = -g(r) + 4*s(r). Is d(-18) a composite number?
False
Let a = -1148856 + 1850737. Is a prime?
True
Is 462/(-110)*3369810/(-18) prime?
False
Is (7/(-2 - -9))/(5/1249415) a prime number?
False
Suppose -40*y + 3962333 = -6540507. Is y a prime number?
False
Let k be (-4 - -3)*5/(-25)*-5. Is (k - (-3)/6)/(4/(-10072)) a prime number?
True
Let p(d) = 2*d**2 - d**2 - 35*d - 3 - 10 + 0. Suppose 2*u - 76 = 30*o - 26*o, o - 2*u = -16. Is p(o) a prime number?
True
Suppose 4*b - 232 = -4*c, 3*b + 2*c + 3*c = 182. Let w(d) = 39*d**2 + 164*d + 484. Let g be w(-3). Let y = b + g. Is y prime?
True
Suppose 132*j + 391064 = 140*j. Is j prime?
True
Let r be (-4118)/(-2) - (-6)/3. Let j = r - 1360. Is j a composite number?
False
Suppose -2*i + 151 + 627 = 0. Let b = i - -620. Is b prime?
True
Suppose 0 = -k + 2*g - 5, -9*k + 5*k - g = -7. Is k - 1 - (-9785 + -8) composite?
True
Let h(u) = u**2 - 11*u + 33. Let f be h(6). Suppose -f*x - 1107 = -5604. Is x a prime number?
True
Suppose -4*t - 70130144 = -228*t. Is t a composite number?
False
Let m = 445955 - -6258. Is m a prime number?
True
Is (-6394)/139*1546/(-4) a prime number?
False
Let p(z) = -z**3 - 11*z**2 - 5*z + 11. Suppose 3*a - a = -14. Let s be p(a). Let t = s - -548. Is t prime?
False
Let a(l) = l**3 - 14*l**2 - 15*l. Let x be a(15). Suppose -5*k - 15 = -x*m - 3*m, 0 = 5*m - 2*k - 44. Suppose -m*p + 854 = -1736. Is p a composite number?
True
Suppose -295*t + 306*t - 9559 = 0. Is t a prime number?
False
Suppose -3*m - 4*f - 28 = m, -2*m + 2*f = 22. Let d(u) = -2*u**3 - 4*u**2 + 2*u - 34. Is d(m) a composite number?
True
Let v(c) = 12*c**2 - 31*c - 16. Suppose 6*t - 24 = -2*t. Let f be t*((-2)/3 + -1 + -2). Is v(f) a composite number?
False
Suppose b - 4 = 5. Let n = -16377 - -16379. Suppose -3*a + 5367 = -4*m, -8*a = -b*a + n*m + 1787. Is a prime?
False
Let j(f) = 2*f**3 + 19*f**2 - f - 1. Let o be -5*7/(-10)*-2. Is j(o) composite?
False
Let m be 1312/(1 - (4 + -2)). Suppose -7*z + 2*z = -10215. Let c = m + z. Is c composite?
True
Let z(i) = 203*i + 30. Let t be z(-8). Let m = t - -3567. Is m a prime number?
True
Suppose 13 = 4*o + 3*f - 1, 2*o + 4*f - 12 = 0. Suppose 0 = -o*u + 809 + 1053. Is 4 + (-2 - (0 - u)) a composite number?
True
Let z(c) = 38 - 9*c**2 - c - 58 + c**3 + 35. Let w be z(9). Suppose -w*v = -13*v + 4291. Is v a prime number?
True
Let h = 67872 - 13043. Is h prime?
True
Let m(w) = 1307 - 77*w - 1306 - 358*w. Is m(-4) a prime number?
True
Suppose 4*i - 4*m - 2811408 = 0, -702831 = -i - 132*m + 136*m. Is i prime?
False
Let x be 4508 - 0 - (-34 - -40). Is (-30)/(-18)*-3*x/(-10) prime?
True
Let d(n) = 38*n**2 - 19*n + 249. Is d(-44) a composite number?
False
Let r = -19 + 21. Let u(j) be the first derivative of 58*j**3/3 + 2*j**2 - j + 50. Is u(r) a composite number?
False
Let m(z) = -z**3 - 22*z**2 + 3*z + 51. Let o be m(-22). Is (-3310)/o*12/(-16)*-6 a composite number?
True
Suppose 4*n = 2*k - 156778, -35*n - 313574 = -4*k - 30*n. Is k a prime number?
True
Let h be 1/(4/(-10 - 2)). Let l(w) = -w**2 - 4*w - 1. Let j be l(h). Suppose 0 = j*d - f - 624, -15 = -3*f - 3. Is d prime?
False
Let k(x) = 256*x**2 - 21*x - 22. Let b(i) = 255*i**2 - 22*i - 24. Let w(g) = 5*b(g) - 4*k(g). Is w(13) prime?
False
Suppose 12 = -2*r + 5*j, -3 = 5*r - 0*r + j. Suppose 0*x - x + d = -325, 0 = -2*x + 3*d + 649. Is (r - 0) + x + (3 - 2) a composite number?
True
Is 3/6 - (9 - 52674776/16) a composite number?
True
Let b be ((-220)/99 - -2)*-3*3. Is 8/((-96)/(-7266))*b prime?
False
Is (171 + 91/(-7))*(1 + (-622)/(-4)) a composite number?
True
Suppose 14703591 = 129892*d - 129871*d. Is d a prime number?
True
Let l(i) = 31*i - 86. Let v be l(32). Let b = v + -463. Is b a prime number?
True
Suppose -32*y + 944180 = 36*y. Is y a prime number?
False
Let c be ((-4)/8)/((-2)/20). Suppose 810 = -5*h + c*l, -5*h + 3*l - 448 = 352. Let p = -60 - h. Is p prime?
True
Let s(u) = -31*u**3 - 3*u**2 - 16*u - 21. Let n be s(-5). Let r be 6 + 3 + -4 - 2. Suppose 868 = -r*x + n. Is x prime?
True
Suppose -5*k = -6*a + 30867, 147*a + 3*k = 142*a + 25744. Is a a prime number?
True
Let z be 9/(-6)*(2 - 2/(-3)). Is 1 + 1 + (-7 + 3315 - z) composite?
True
Let n = 4183227 - 2761756. Is n prime?
True
Let h be (-1)/(-2) - 3/(6/(-353)). Suppose h*q - 25713 = 174*q. Is q composite?
True
Suppose 0 = 58*l - 994394 - 932192. Is l composite?
True
Suppose 78 = 10*h + 16*h. Is h/(-6)*55960/(-20) composite?
False
Suppose -5*w = -2*q + 66, 96 = 4*q - 2*w + w. Suppose 7*i = -q*i + 90330. Is i prime?
True
Let x = -15442 - -30063. Is x prime?
True
Suppose v = -m + 626209, 4*v - 18*m - 2504830 = -23*m. Is v composite?
True
Let a = 39701 + -17370. Is a prime?
False
Let j(z) = -2056*z - 6282. Is j(-119) a composite number?
True
Suppose -3197 = 6*u - 67061. Suppose -3*d = -u + 3045. Is d prime?
False
Suppose -3*n + 5*m + 45 = -53, 4*n = -m + 123. Is 12573*1 - (n - 29) prime?
False
Let f(j) = 3*j**3 - 32*j**2 - 75*j + 141. Is f(76) composite?
False
Suppose 0 = l - x - 26, l + x + 5 = 37. Suppose 27*i - l*i = -16. Suppose 0 = -2*y + i*y - 1398. Is y composite?
False
Let t = -4173 + 1043. Let a = t + 11595. Is a a prime number?
False
Suppose 360984 + 1059280 = 8*m. Is m composite?
False
Is 2556074/42 - (-236)/2478 a prime number?
True
Let l(y) = y**2 - 202*y - 50. Suppose 5*c = -2*m - 195, -3*c - 128 = -0*c - m. Is l(c) a composite number?
True
Let u(m) = 2*m**2 + m - 6. Let f be (-4)/(-4*(-1)/(-6)). Let t be u(f). Is 2/18 - (-86032)/t prime?
False
Let v = -72 + 75. Suppose 4*z = 2*b, -v*b - 5*z = -z. Suppose 0 = -4*j + 2*x + 650, 0*x + x + 3 = b. Is j a composite number?
True
Let m be ((-24)/20)/(4/(-180)). Suppose 2*z = -k + 36, 4*z - 18 - m = 5*k. Is 3